{"id":303,"date":"2020-06-06T14:54:23","date_gmt":"2020-06-06T12:54:23","guid":{"rendered":"http:\/\/centrumstomatologiczne.atudent.pl\/?page_id=303"},"modified":"2021-01-05T00:55:34","modified_gmt":"2021-01-04T23:55:34","slug":"stomatologia-zachowawcza","status":"publish","type":"page","link":"https:\/\/centrumstomatologiczne.atudent.pl\/index.php\/start\/stomatologia-zachowawcza\/","title":{"rendered":"Stomatologia zachowawcza"},"content":{"rendered":"\t\t<div data-elementor-type=\"wp-page\" data-elementor-id=\"303\" class=\"elementor elementor-303\">\n\t\t\t\t\t\t<section class=\"elementor-section elementor-top-section elementor-element elementor-element-ad59518 elementor-section-boxed elementor-section-height-default elementor-section-height-default\" data-id=\"ad59518\" data-element_type=\"section\">\n\t\t\t\t\t\t<div class=\"elementor-container elementor-column-gap-default\">\n\t\t\t\t\t<div class=\"elementor-column elementor-col-100 elementor-top-column elementor-element elementor-element-4e09f62\" data-id=\"4e09f62\" data-element_type=\"column\">\n\t\t\t<div class=\"elementor-widget-wrap elementor-element-populated\">\n\t\t\t\t\t\t<div class=\"elementor-element elementor-element-b357aea elementor-widget elementor-widget-image\" data-id=\"b357aea\" data-element_type=\"widget\" data-widget_type=\"image.default\">\n\t\t\t\t<div class=\"elementor-widget-container\">\n\t\t\t\t\t\t\t\t\t\t\t\t\t<img decoding=\"async\" src=\"https:\/\/centrumstomatologiczne.atudent.pl\/wp-content\/uploads\/2020\/11\/Dental-Tooth-Dentist-Dentistry-18.png\" title=\"Dental&#8212;Tooth&#8212;Dentist&#8212;Dentistry-18\" alt=\"Dental---Tooth---Dentist---Dentistry-18\" loading=\"lazy\" \/>\t\t\t\t\t\t\t\t\t\t\t\t\t<\/div>\n\t\t\t\t<\/div>\n\t\t\t\t<div class=\"elementor-element elementor-element-dfcd1ea elementor-widget elementor-widget-heading\" data-id=\"dfcd1ea\" data-element_type=\"widget\" data-widget_type=\"heading.default\">\n\t\t\t\t<div class=\"elementor-widget-container\">\n\t\t\t<h1 class=\"elementor-heading-title elementor-size-default\">Stomatologia zachowawcza<\/h1>\t\t<\/div>\n\t\t\t\t<\/div>\n\t\t\t\t<div class=\"elementor-element elementor-element-0ad0181 elementor-widget elementor-widget-text-editor\" data-id=\"0ad0181\" data-element_type=\"widget\" data-widget_type=\"text-editor.default\">\n\t\t\t\t<div class=\"elementor-widget-container\">\n\t\t\t\t\t\t\t<p>Leczenie zachowawcze, najpro\u015bciej rzecz ujmuj\u0105c, to leczenie ubytk\u00f3w pr\u00f3chniczych i odbudowa z\u0119b\u00f3w w ich naturalnym kszta\u0142cie i kolorze.<\/p>\n<p><span style=\"font-style: inherit; font-weight: inherit;\">Pr\u00f3chnica jest chorob\u0105 bakteryjn\u0105, kt\u00f3ra prowadzi do demineralizacji twardych tkanek z\u0119ba. Jednak przy wczesnym rozpoznaniu zmian i odpowiednim leczeniu, powierzchniowe zmiany pr\u00f3chnicowe s\u0105 odwracalne.<\/span><\/p>\n<p>Bardzo wa\u017cna jest skrupulatna diagnostyka oparta na&nbsp; badaniu wewn\u0105trzustnym uzupe\u0142nionym analiz\u0105 zdj\u0119cia rentgenowskiego, najcz\u0119\u015bciej pantomograficznego.<br>Rtg przegl\u0105dowe &#8211; tzw. pantomogram,&nbsp; jest podstaw\u0105 ka\u017cdego pierwszorazowego badania diagnostycznego. Cz\u0119sto potrzebny jest dok\u0142adniejszy obraz, dlatego w gabinecie wykonujemy zdj\u0119cie punktowe lub zgryzowe&nbsp; w formie cyfrowej. Jest to radiovizjografia. <br>Najbardziej zaawansowanym sposobem rentgenodiagnostyki w stomatologii jest CBCT&nbsp; czyli tomografia sto\u017ckowa. <br>Wykorzystuje si\u0119 j\u0105 do bardzo dok\u0142adnej analizy budowy anatomicznej z\u0119ba przed leczeniem endodontycznym.<br>Natomiast w stomatologii zachowawczej, w skomplikowanych przypadkach klinicznych, CBCT pomaga zlokalizowa\u0107 i oceni\u0107 zasi\u0119g ubytku, dzi\u0119ki czemu mo\u017cna wybra\u0107 prawid\u0142ow\u0105 metod\u0119 leczenia.&nbsp;<\/p>\n<p>Gdy proces pr\u00f3chnicowy jest bardzo zaawansowany, pacjent musi liczy\u0107 si\u0119 z kilkuetapowym leczeniem jednego z\u0119ba, mimo, \u017ce w jego mniemaniu ubytek, z kt\u00f3rym si\u0119 zg\u0142osi\u0142, by\u0142 &#8222;niewinny&#8221;.<\/p>\n<p>Wsp\u00f3\u0142czesna fotografia stomatologiczna potrafi odda\u0107 ca\u0142\u0105 z\u0142o\u017cono\u015b\u0107 i podst\u0119pno\u015b\u0107 procesu pr\u00f3chniczego.<\/p>\t\t\t\t\t\t<\/div>\n\t\t\t\t<\/div>\n\t\t\t\t\t<\/div>\n\t\t<\/div>\n\t\t\t\t\t<\/div>\n\t\t<\/section>\n\t\t\t\t<section class=\"elementor-section elementor-top-section elementor-element elementor-element-85e0ef6 elementor-section-boxed elementor-section-height-default elementor-section-height-default\" data-id=\"85e0ef6\" data-element_type=\"section\">\n\t\t\t\t\t\t<div class=\"elementor-container elementor-column-gap-default\">\n\t\t\t\t\t<div class=\"elementor-column elementor-col-100 elementor-top-column elementor-element elementor-element-b0c1742\" data-id=\"b0c1742\" data-element_type=\"column\">\n\t\t\t<div class=\"elementor-widget-wrap elementor-element-populated\">\n\t\t\t\t\t\t<div class=\"elementor-element elementor-element-68fc34b elementor-widget elementor-widget-image\" data-id=\"68fc34b\" data-element_type=\"widget\" data-widget_type=\"image.default\">\n\t\t\t\t<div class=\"elementor-widget-container\">\n\t\t\t\t\t\t\t\t\t\t\t\t\t<img fetchpriority=\"high\" decoding=\"async\" width=\"812\" height=\"497\" src=\"https:\/\/centrumstomatologiczne.atudent.pl\/wp-content\/uploads\/2021\/01\/Pro\u0301chnica-1024x627.jpg\" class=\"attachment-large size-large wp-image-752\" alt=\"Pr\u00f3chnica.....\" srcset=\"https:\/\/centrumstomatologiczne.atudent.pl\/wp-content\/uploads\/2021\/01\/Pro\u0301chnica-1024x627.jpg 1024w, https:\/\/centrumstomatologiczne.atudent.pl\/wp-content\/uploads\/2021\/01\/Pro\u0301chnica-300x184.jpg 300w, https:\/\/centrumstomatologiczne.atudent.pl\/wp-content\/uploads\/2021\/01\/Pro\u0301chnica-768x470.jpg 768w, https:\/\/centrumstomatologiczne.atudent.pl\/wp-content\/uploads\/2021\/01\/Pro\u0301chnica.jpg 1150w\" sizes=\"(max-width: 812px) 100vw, 812px\" \/>\t\t\t\t\t\t\t\t\t\t\t\t\t<\/div>\n\t\t\t\t<\/div>\n\t\t\t\t\t<\/div>\n\t\t<\/div>\n\t\t\t\t\t<\/div>\n\t\t<\/section>\n\t\t\t\t<\/div>\n\t\t","protected":false},"excerpt":{"rendered":"<p>Stomatologia zachowawcza Leczenie zachowawcze, najpro\u015bciej rzecz ujmuj\u0105c, to leczenie ubytk\u00f3w pr\u00f3chniczych i odbudowa z\u0119b\u00f3w w ich naturalnym kszta\u0142cie i kolorze. Pr\u00f3chnica jest chorob\u0105 bakteryjn\u0105, kt\u00f3ra prowadzi do demineralizacji twardych tkanek z\u0119ba. Jednak przy wczesnym rozpoznaniu zmian i odpowiednim leczeniu, powierzchniowe zmiany pr\u00f3chnicowe s\u0105 odwracalne. Bardzo wa\u017cna jest skrupulatna diagnostyka oparta na&nbsp; badaniu wewn\u0105trzustnym uzupe\u0142nionym analiz\u0105 [&hellip;]<\/p>\n","protected":false},"author":1,"featured_media":0,"parent":9,"menu_order":0,"comment_status":"closed","ping_status":"closed","template":"elementor_header_footer","meta":{"footnotes":""},"_links":{"self":[{"href":"https:\/\/centrumstomatologiczne.atudent.pl\/index.php\/wp-json\/wp\/v2\/pages\/303"}],"collection":[{"href":"https:\/\/centrumstomatologiczne.atudent.pl\/index.php\/wp-json\/wp\/v2\/pages"}],"about":[{"href":"https:\/\/centrumstomatologiczne.atudent.pl\/index.php\/wp-json\/wp\/v2\/types\/page"}],"author":[{"embeddable":true,"href":"https:\/\/centrumstomatologiczne.atudent.pl\/index.php\/wp-json\/wp\/v2\/users\/1"}],"replies":[{"embeddable":true,"href":"https:\/\/centrumstomatologiczne.atudent.pl\/index.php\/wp-json\/wp\/v2\/comments?post=303"}],"version-history":[{"count":12,"href":"https:\/\/centrumstomatologiczne.atudent.pl\/index.php\/wp-json\/wp\/v2\/pages\/303\/revisions"}],"predecessor-version":[{"id":765,"href":"https:\/\/centrumstomatologiczne.atudent.pl\/index.php\/wp-json\/wp\/v2\/pages\/303\/revisions\/765"}],"up":[{"embeddable":true,"href":"https:\/\/centrumstomatologiczne.atudent.pl\/index.php\/wp-json\/wp\/v2\/pages\/9"}],"wp:attachment":[{"href":"https:\/\/centrumstomatologiczne.atudent.pl\/index.php\/wp-json\/wp\/v2\/media?parent=303"}],"curies":[{"name":"wp","href":"https:\/\/api.w.org\/{rel}","templated":true}]}}